
-3
What is (-1 - 4) + 0 + -1 + 4?
-2
Evaluate 1 - 17 - (-10 + -2).
-4
Calculate (-8 - -13) + -9 + -1.
-5
0 - (6 + -7) - 1
0
-9 + 0 + 14 - 6
-1
What is 16 + -9 + -11 + 5?
1
What is -3 - (5 - (6 - (2 - 0)))?
-4
-2 + (-2 - 0) - (1 - 4)
-1
Evaluate (-12 - -8) + (10 - 5).
1
What is the value of -2 + (-3 - -3) + 0?
-2
What is the value of 4 - 5 - 5 - -5?
-1
Evaluate -6 + 4 - (2 + -2 - 2).
0
Evaluate 5 - 1 - ((-6 - -5) + 1).
4
5 + -6 + 3 - (-6 + 0)
8
(-3 - -3 - -1) + (5 - 7)
-1
0 - -5 - (4 + 0 + -2)
3
-3 - 3 - -6 - (5 + -1)
-4
Calculate -1 + (-7 + 4 + 2 - 0).
-2
(0 - (4 - 4 - 0)) + 2
2
Calculate (1 - -7) + 43 + -47.
4
Evaluate -4 + -3 + (4 - -4).
1
(-5 + (5 - -11) - -6) + -8
9
Evaluate 8 + (-1 - (2 - -7)).
-2
Evaluate 4 - (-3 - (-11 - -3)) - -3.
2
Evaluate 3 - (-11 + 11 - (1 - 0)).
4
(-114 - -98) + (11 - 1)
-6
-6 + (4 - (8 - -3 - 6))
-7
Calculate -5 - -3 - 3 - (-26 - -26).
-5
Calculate (3 - -2) + 3 - 6.
2
Evaluate (-3 - -1) + -4 + (1 - -3).
-2
Evaluate 4 + -1 + 2 - 4.
1
-2 + 2 + 3 + -12 + 6
-3
6 + -3 + (-1 - -2)
4
What is 2 - (8 - 4) - (2 + 0)?
-4
What is -4 + (12 - 4) - (-1 - -8)?
-3
Calculate -1 + 7 + (-1 - 9).
-4
Evaluate (7 - 12 - 7) + 4.
-8
What is 0 - (1 + 0 + -3 + 7)?
-5
What is 3 + (17 + -12 - 9)?
-1
What is (-4 - -1) + (26 - 24)?
-1
What is (6 - (5 + 0)) + -1 - -3?
3
Calculate 3 - (4 + -10 + 6).
3
Calculate 3 + -2 + (11 - 7).
5
Calculate 8 + -1 - (0 + 6 - 3).
4
-4 + 12 + -9 + 1 + -2
-2
4 + (3 - 6) + 3
4
What is 0 + -2 + (6 - 3 - 3)?
-2
What is (3 - 6) + 11 + -2 - 13?
-7
Calculate 9 + (-6 - (24 - 12)).
-9
Calculate -4 + (-5 - -3 - -2) - -5.
1
(-5 - -9 - -7) + -9
2
9 - (1 - -3) - 2
3
Evaluate (6 + -2 - 5) + -2 + 1.
-2
Calculate 0 - (-3 - (2 + -6)).
-1
2 - -8 - -2 - 10
2
Calculate 3 + 6 + -1 + -9.
-1
What is 1 - (0 + -4 - -1)?
4
Evaluate 13 - (-11 - -26) - -5.
3
Evaluate 5 + 0 + 0 + 1 + 1.
7
What is -1 - (-2 - -4) - -2?
-1
Evaluate 2 + -1 + 0 - (-3 - -5).
-1
What is the value of 6 + (1 - -7 - 10)?
4
What is the value of -12 - -9 - (-5 + -1)?
3
What is the value of 10 - (7 - (-6 + 8))?
5
(-5 - (-3 - 0)) + 4
2
Evaluate -13 - (5 - 10) - -8.
0
-9 + 7 + 3 + -8
-7
Calculate (-5 + 2 - -5) + -7.
-5
-5 + -3 + 3 + 4 + -1
-2
What is the value of 1 - (3 - (4 + -3))?
-1
What is 7 + -19 - (3 + -2) - -5?
-8
Evaluate 17 - (-12 - (-9 + -9)).
11
Calculate -3 - (4 - (-1 + 3)).
-5
What is the value of 2 - 1 - (6 - (3 - 0))?
-2
0 + -3 + 4 + (-2 - 1)
-2
What is -4 - (-5 + -2 + 2)?
1
Calculate (0 - (-4 - (-4 - 0))) + 0.
0
Evaluate (-13 - -3) + (34 - 19).
5
3 - (0 + -4 - 5 - -6)
6
Calculate 4 + -6 + (0 - -1) - 1.
-2
What is the value of (-4 - -4) + -4 + 0 + -1?
-5
Evaluate 0 + 3 - (-137 + 132).
8
Evaluate -3 - (-4 + 6 + -4).
-1
Evaluate -7 - ((-4 - -5) + 6 + -9).
-5
9 + -6 + -17 + 7 - -3
-4
What is the value of (-7 - -10) + 1 + -2 + -2?
0
Evaluate -2 + 6 + (-10 - -1).
-5
What is -5 - (2 - 7) - 2?
-2
0 + 4 + 1 + -1
4
What is the value of 14 + -19 + (-5 - -9)?
-1
Evaluate -7 - (5 + (2 - 8)).
-6
Evaluate -1 - 3 - (6 + (-3 - 2)).
-5
Evaluate 10 + (6 - (9 + 10)).
-3
6 - 3 - 1 - -6 - 3
5
Calculate 7 - (2 - (2 + -4)).
3
What is 0 + 0 - (-3 + 7 - 3)?
-1
-2 + 2 + (-13 - -12)
-1
What is -1 - (-2 - 1) - (-1 - -4)?
-1
What is (10 - (6 - -1)) + -6 + -1?
-4
What is the value of -104 - -80 - (2 + -16)?
-10
(-6 - -12 - 4) + -8
-6
What is the value of (0 - 0) + -2 - (6 - 3)?
-5
What is the value of (-66 - -61) + (2 - 1 - 4)?
-8
Calculate 1 + (0 - 3) + 4.
2
-4 + 5 + (-6 - -9)
4
What is -2 + 2 + 1 - 1?
0
What is the value of 4 - (7 + (-1 - 3)) - 3?
-2
What is -3 + 9 - ((13 - 6) + -1)?
0
What is -2 + 8 + (-10 - -12)?
8
(-3 - 1) + 0 + 1 + 8
5
-2 - -3 - (1 - -4)
-4
Evaluate -4 + (20 + -17 - (3 - 0)).
-4
2 - 0 - (-15 - -3 - -11)
3
Evaluate -1 + -12 + 9 + -2 + 7.
1
What is -21 + 9 + -7 + 21?
2
-1 + -3 + 6 + (4 - 6)
0
Evaluate -2 + 1 + (0 - -3).
2
What is -23 + 30 + 0 + -8?
-1
Evaluate -6 + (6 - -1) + -5 + 0.
-4
Calculate 0 + (1 - 3 - (-9 + 7)).
0
Evaluate -8 - (-8 + 9 + -4).
-5
Evaluate (6 - 1) + -6 + -12 + 15.
2
Evaluate -13 - -21 - (0 + 4).
4
Evaluate 1 + 0 + (0 - 5) - -2.
-2
-5 + (2 - 1) + (7 - 5)
-2
Calculate -6 + 1 + (-16 - -20).
-1
Evaluate -3 - (-2 - ((6 - 4) + -4)).
-3
What is the value of (1 - 1) + (-18 - -14)?
-4
Evaluate 7 + -2 + (-7 - (2 - 7)).
3
5 + -8 + 3 + (0 - -3)
3
Calculate (-3 - 1) + (62 - 56).
2
-3 + 0 + 11 + -4 + -6
-2
3 + -2 + 1 + -1
1
Calculate 0 + (-6 - -10) - (3 + -3).
4
What is 2 + 6 + -3 - 0?
5
What is the value of (-2 - -5) + (0 - 7)?
-4
(1 - 3) + 0 + (-1 - 2)
-5
Evaluate -17 - -16 - (3 + -6).
2
Evaluate -4 - (5 - (1 - -4)).
-4
Evaluate 3 - 1 - (-1 + (2 - -6)).
-5
Calculate 7 + (-2 - -4) + -5.
4
Calculate -6 + 9 + -5 + (2 - 2).
-2
What is -6 + (6 - (-5 + 3))?
2
What is -3 - (-7 - -1 - (-3 - 0))?
0
Evaluate (-3 - -5) + (0 - -1) + 1.
4
What is the value of (1 - (5 - -1)) + (2 - 2)?
-5
What is the value of (-2 - -4) + -3 + (17 - 11)?
5
What is (1 - 10) + (-1 - -5)?
-5
Calculate 0 + 2 - (41 - 41).
2
Calculate -4 - -1 - (-1 - (-4 + 9)).
3
What is the value of -11 + 7 - (-2 + -1)?
-1
What is 1 - (1 + -1) - (112 + -108)?
-3
Evaluate (-2 - -1) + 2 - (5 - 5).
1
What is the value of (3 - (-1 + (4 - 2))) + 2?
4
What is (2 - 6) + -6 + 5?
-5
-1 - (0 + -7 + 4) - 3
-1
What is the value of -4 - (-3 + -2 + 1)?
0
What is the value of (3 - (-1 - -1)) + -6 + -4?
-7
Calculate -6 + -1 - (-4 - -1) - 2.
-6
4 + -3 + 0 + -3
-2
What is -5 - -6 - (5 + -3 + 2)?
-3
Calculate 0 + 0 + 6 + -4 + 5.
7
What is the value of (-3 - (3 - 1)) + 1 + 4?
0
Evaluate -7 - (7 + -7) - (-4 - -4).
-7
-6 + -7 + 7 + 9
3
What is -3 + 5 + -6 + 0?
-4
What is the value of 10 + -2 + -2 + (-1 - 2)?
3
What is the value of 4 - -3 - (4 - -8 - 9)?
4
Calculate -3 - -1 - (1 + 3 - 3).
-3
What is the value of (2 - (3 + 0)) + 0?
-1
What is the value of 2 - (-4 + 1 - (2 - 3))?
4
What is the value of 0 + (3 - -4 - 4)?
3
0 + (1 - -3) + -19 + 12
-3
What is 30 - 30 - (2 + -4 - 3)?
5
Evaluate -4 - 0 - -4 - 4.
-4
What is -3 - 1 - (1 + (-11 - -10))?
-4
Calculate 2 - -1 - (14 + -9 - 6).
4
Evaluate (3 - -4) + (-12 - -5) - 6.
-6
-48 + 36 - (0 + 1 + -6)
-7
What is the value of 4 + (0 - 6) + 1?
-1
Evaluate 0 + (5 - 0) + (0 - 2).
3
Evaluate -5 - -6 - (-13 + 5 - -5).
4
-3 + 0 - (2 - 5)
0
-2 - (6 + -5 - 3)
0
What is 1 + 3 + (-2 - 4 - -2)?
0
Calculate -1 - (-7 - -11) - -3.
-2
What is the value of 3 - (4 + -4 + 0)?
3
Evaluate -1 - -7 - (-21 - -25).
2
Calculate -1 + 4 + 4 + -2 + -6.
-1
What is 8 - (-13 + 13 - -3)?
5
What is the value of 4 + -13 + (10 - 5) + 0?
-4
What is the value of 12 + (-32 - -17) - (-8 - -1)?
4
Evaluate (1 - 4 - (1 + -2)) + -1.
-3
What is 0 - ((-6 - -2) + 2)?
2
Evaluate -2 + -3 + (8 - 0 - 7).
-4
3 - 0 - 2 - 5
-4
What is -3 + 0 - (0 + 1)?
-4
What is the value of 4 + 0 + -2 - (-1 + 2)?
1
What is -3 - 2 - (15 + 8 + -18)?
-10
What is the value of 4 + (-4 - (4 + -8))?
4
-6 - ((8 - 8) + (2 - 4))
-4
Evaluate 1 - (9 + (-1 - 10)).
3
Calculate 4 - (-11 + (-1 - (-2 + -5))).
9
(5 - ((-1 - -1) + 0)) + 0
5
(-1 - (-5 - (3 + -7))) + -1
-1
What is 1 - (1 + (1 - -1))?
-2
-3 + 6 + 1 - -2
6
Evaluate 1 + 5 + (-5 - -2).
3
What is -2 - 5 - (-1 - 0) - -8?
2
What is -1 - (2 + -23 - -13)?
7
Calculate 2 + (-3 - (-1 - -4)).
-4
What is the value of (1 - 5) + (8 - 7)?
-3
(3 - 0) + -4 + 9
8
-10 - ((1 - -1) + -3 - 6)
-3
What is -2 - -4 - (3 - 1)?
0
Calculate 0 - (4 + (2 - (12 + -2))).
4
Evaluate -2 + (2 - -3) - -2.
5
Evaluate -6 + 8 + (-5 - -8).
5
What is the value of -4 - -6 - (4 + 0)?
-2
What is the value of -146 + 141 + (-4 - -2 - -4)?
-3
Evaluate 1 + -8 + (6 - -3).
2
Evaluate -5 + -2 - (5 + -1) - -3.
-8
9 - (0 + (-7 - -13))
3
What is (-3 - (2 + -2)) + 7?
4
-26 - -20 - (-9 - 2)
5
What is 10 + -5 + -2 + 2?
5
9 + 5 + -7 + -2
5
-5 - (-1 + -2 + -5) - 7
-4
Evaluate -4 + 4 + 0 + 4.
4
-1 + (-6 - -6) + 1 + -3
-3
Calculate 0 + (1 - -3) + -4 + 0.
0
What is (9 - (-7 - -8)) + -10?
-2
Evaluate 3 + 1 + 3 + -5 + -1.
1
What is the value of -2 + 8 + -4 + -8?
-6
What is 10 + -1 + (-3 - 3)?
3
Evaluate -1 + 5 + -2 - 2 - -3.
3
What is the value of 2 - 0 - (11 - 9)?
0
What is (-5 - 3) + 0 - (-46 + 30)?
8
Evaluate 0 + -7 + 8 + -6 + -1.
-6
Evaluate (1 - -1 - -2 - 0) + -4.
0
4 - (2 + -2 + 3 + -3)
4
What is the value of 3 + (-2 - 2) + (-6 - 0)?
-7
What is the value of -6 - (1 + -11 - -5)?
-1
What is the value of 1 - (-10 - -5) - (-15 + 14)?
7
Calculate -1 + (1 - 1) + 4 + 0.
3